ided by s?
0
Suppose 0 = 55*n - 56*n. Suppose n = -w - 5. Let q = 23 + w. What is the remainder when 86 is divided by q?
14
Suppose 5*o - 4*q = -2*q - 46, o + 4 = 3*q. Let r = o + 14. What is the remainder when 39 is divided by (-8)/6*(-30)/r?
9
Suppose -19*b - 1276 = -1713. What is the remainder when 4007 is divided by b?
5
Suppose w + z - 376 = 5*z, 0 = w - 2*z - 370. Calculate the remainder when w is divided by 145.
74
Suppose -6*o = -2*o - 40. Suppose 2*w + o = 0, -2*l - 2*l + 26 = 2*w. Suppose l*t = 421 + 515. Calculate the remainder when t is divided by 21.
20
Let y = -93 + 97. Suppose 4*o - 53 = -5*v + y*v, -4*v + 4*o + 172 = 0. What is the remainder when v is divided by (-18)/(6*(-2)/16)?
21
Suppose -3*b + 13*v - 9 = 9*v, -5*v = 5*b - 20. Calculate the remainder when ((-1)/3 + (-13226)/(-51))/b is divided by 9.
7
Let p(l) = 6*l + 39. Let h(c) = -2*c - 13. Let y(m) = 8*h(m) + 3*p(m). Let w be (-91)/21 - (-10)/(-15). Calculate the remainder when 10 is divided by y(w).
1
Let j(h) be the third derivative of h**4/24 + 4*h**3/3 + 21*h**2. Let g be j(3). Suppose -3*p + g = -4. Calculate the remainder when 14 is divided by p.
4
Let s(p) = -19*p + 3. Let l(y) = 3*y + 59 - y - y**2 - 11 + y. Calculate the remainder when s(-4) is divided by l(7).
19
Suppose -d - 7*f = -3*f - 138, -5*d - 4*f = -658. Let c = d + -52. Let o = 3 + 17. Calculate the remainder when c is divided by o.
18
Let n(g) be the second derivative of 5*g**3/6 - 9*g**2/2 - 15*g. Let u be n(3). Suppose u = -3*y + 36. Calculate the remainder when 19 is divided by y.
9
Suppose -5*z + 92 = 3*r, -3*r = z - 79 - 33. Suppose 7*f - 5*f - r = -3*q, 0 = f - 4*q - 3. Calculate the remainder when 22 is divided by f.
7
Let u(m) = 13*m - 28. Let a be u(1). What is the remainder when a*(6 + -5 + 2 - 28) is divided by 14?
11
Suppose 24 = -328*r + 897 + 1751. Suppose 5*l + n - 40 = 0, -5*n - 45 = -5*l + 25. What is the remainder when l is divided by r?
1
Let w = -16772 - -17052. What is the remainder when 1005 is divided by w?
165
Suppose h - 3130 = -2*x, 5*x + 1033 = 5*h + 8828. Suppose 5*t = x - 243. What is the remainder when t is divided by 83?
15
Suppose -2464 = -24642*c + 24634*c. Calculate the remainder when 962 is divided by c.
38
Let f(o) = o**2 + 53. Let w be (-2 + 4)/((-8)/(-52)). Calculate the remainder when f(0) is divided by (-4)/26 - ((-197)/w - -4).
9
Let h(d) = -d**2 - 4*d + 8. Let l be h(-5). Suppose 2*p - 3 = 5, -p = l*m - 25. Suppose -m*c - 388 = -11*c. Calculate the remainder when c is divided by 25.
22
Suppose 0 = -k - 2*h + 283, -3*k - 2*h + 1212 - 379 = 0. Suppose -j + 5*i + k = 4*j, -4*j - i = -245. What is the remainder when 235 is divided by j?
55
Let u = -45 + 45. Let c be ((-202 - 0) + u)*(-1)/2. Suppose -a + 0*j = 2*j - 48, 2*a = -5*j + c. Calculate the remainder when 113 is divided by a.
37
Calculate the remainder when 1053 is divided by (-31 - (11 - 7)/4)*-3.
93
Let t = 21 + -94. Let v = t - -5. Let h = v + 119. What is the remainder when h is divided by 13?
12
Let c(b) = 5*b - 14. Let k = 1020 - 1001. What is the remainder when c(9) is divided by k?
12
Let m(u) = 0*u + 28*u**2 - 16*u - 8*u**2 + 106 - 104. Calculate the remainder when m(-5) is divided by 39.
36
Let t = -338 - -340. Suppose s = t*k + 18, -9 = -5*s - k + 125. What is the remainder when 151 is divided by s?
21
Let z = -296 + 311. Suppose -z*c + 191 + 154 = 0. What is the remainder when 158 is divided by c?
20
Suppose 13*i = -3*i + 48. Suppose 0 = 4*x + o - 60, -i*o = 11*x - 6*x - 68. Let w(g) = 2*g**2 - 3*g + 9. Calculate the remainder when w(6) is divided by x.
15
Let i(p) = p**2 + 526*p + 20805. Calculate the remainder when (0 - 3*-20)/1 is divided by i(-43).
24
Let o = 7 - -99. Suppose 0 = -2*g - 6. What is the remainder when o is divided by 0 + 40 + (g - 1)?
34
Suppose 4*i - 394 = -w, -3*i + 289 = -571*w + 575*w. What is the remainder when 155 is divided by i?
56
Let w(s) = -3*s + 446. Let v be w(-52). Suppose -39*j + 53*j = v. What is the remainder when j is divided by 12?
7
Suppose 4*g = 2*l - 3*l + 25, 0 = 4*l - g - 185. Let o = l + -49. Calculate the remainder when 48 + 6/(o/2) is divided by 24.
21
Let a = 7519 + -7502. Calculate the remainder when 2777 is divided by a.
6
Suppose 5096*v - 2736 = -3*x + 5093*v, -5*x + 3*v + 4432 = 0. What is the remainder when x is divided by (-2)/(-8) + (-79)/(-4)?
16
What is the remainder when (-9 - (-6860)/(-30))*-3 is divided by 42?
41
Suppose 0 = -v + 6*v - 115. Suppose -5*j + 3*j - 2*l = -86, -l = -2*j + 71. What is the remainder when j is divided by v?
15
Suppose 7*t + 3*w - 243 = 3*t, 2*w = 2*t - 104. Calculate the remainder when t is divided by ((-1682)/261)/(4/(-18)).
28
What is the remainder when 9447 is divided by (-4)/48 - 29407/(-84)?
347
Suppose -b - 5*v = -271 + 61, v + 946 = 5*b. What is the remainder when b is divided by 66?
58
Suppose -3*d - 6 = 3*n, -13 = 5*n + 2*d + 2*d. Let w be (n/6)/((-2)/12). What is the remainder when w/((-15)/(-354))*(-1)/(-2) is divided by 12?
11
Calculate the remainder when (-1 - -1 - (-61 + 4))*(-915)/(-549) is divided by 2.
1
Let i = 2739 - 1061. What is the remainder when i is divided by 80?
78
Suppose 0 = -4*y + 4*g + 6288, -3*y - 2*y - 5*g + 7770 = 0. Calculate the remainder when y is divided by 98.
93
Let q(y) = -y**2 + y - 5*y**2 - 6 - 5*y - y**3. Suppose -143*r = -133*r - 53 - 47. Calculate the remainder when q(-6) is divided by r.
8
What is the remainder when 462 - (-44)/198*(-27)/3 is divided by 124?
88
Suppose 623*q = 509*q + 875292. What is the remainder when q is divided by 12?
10
Let z(p) be the first derivative of 2*p**3/3 + 2*p**2 - 10*p + 13. What is the remainder when 32 is divided by z(3)?
12
Let k = -108 + 185. Let n = k + -51. Suppose -2*j + 40 = -n. What is the remainder when 96 is divided by j?
30
Let b(n) = 3*n**2 + 83*n - 13. What is the remainder when b(-32) is divided by 84?
67
Let s(a) = 27 + 66*a + 38 - 62. Calculate the remainder when s(2) is divided by 40.
15
Let m(h) = 4*h + 109. Let f be m(-28). What is the remainder when 30*(243/(-15))/f is divided by 82?
80
Let h = -89 - -123. Let l be (4 - -1)*3458/65. Suppose -7*d = -5*d - l. Calculate the remainder when d is divided by h.
31
Suppose -d - 999 = -3*g, -180 = -g - 2*d + 139. What is the remainder when g is divided by 190?
141
Calculate the remainder when (-1 - 1 - 44)*-2 is divided by (16 - 242*8/64)*(-4)/3.
16
Suppose 427 = 173*k - 112*k. Let s(w) be the third derivative of w**5/60 - w**4/6 - 5*w**3/6 - w**2. Calculate the remainder when 44 is divided by s(k).
12
Let k be (3/(-2))/(3 - (-315)/(-112)). Calculate the remainder when (-81)/((-6)/9 + 35/(-42)) is divided by (-44)/k*(-3 + (3 - -2)).
10
Let b(k) = 48 - 19*k + 15*k - 3*k - 14*k. Calculate the remainder when b(-5) is divided by 39.
36
Let f(r) = 14*r - 93. Let m(u) = -u**3 - 4*u**2 + 3*u - 2. Let a be m(-5). What is the remainder when 321 is divided by f(a)?
17
Let i = -727 - -769. Let q(p) = -2*p**3 + p - 2. Let g be q(-4). Let m = g - i. Calculate the remainder when m is divided by 21.
17
Suppose 51*y = -27827 - 580. Let t = y + 773. What is the remainder when t is divided by 79?
58
Suppose 4*j = 5*h - 537, 9 = 3*h - 6*h. Let q = -126 - j. Calculate the remainder when (2 - (-266)/35)/((-6)/(-20)) is divided by q.
8
What is the remainder when 444 is divided by 1313/(-104)*((-30)/3 + 2)?
40
Suppose -214 = -22*a - 54*a + 3358. What is the remainder when 699 is divided by a?
41
Let y(r) = -670*r + 6062. Calculate the remainder when y(8) is divided by 260.
182
Suppose -2*m = 3*m + 3*p - 10, 2*m = 2*p - 12. Let l(n) = -26*n - 13. Let s = -9 - -25. What is the remainder when s is divided by l(m)?
3
Let z(m) = m**3 + 15*m**2 - 15*m + 53. Let d = 1 - 1. Suppose -3*k + r + 31 = -0*k, d = 5*k - 2*r - 52. What is the remainder when z(-16) is divided by k?
7
Suppose -487413 = -144*g - 66213. What is the remainder when 2939 is divided by g?
14
Let z = -382 - -23. Let w = -185 - z. Calculate the remainder when w is divided by 50/6*(11 - 8).
24
Calculate the remainder when 2397 is divided by ((-10486)/(-1070))/((-32)/(-10) + -3).
45
Let b = -6367 - -6384. Calculate the remainder when b is divided by 4 + 3 - -2*1.
8
Let d be (-25857)/102*(-1 + 1*-1). What is the remainder when (-4)/5